0
Let m(o) be the second derivative of -5*o**3/6 - 45*o**2/2 - 61*o. Suppose -109 + 399 = 5*i. What is the remainder when i is divided by m(-11)?
8
Suppose -12559*p = -12570*p + 275. Calculate the remainder when 2773 is divided by p.
23
Let s = -24 - -39. Suppose l = -l + 2*i + 530, -l + 2*i = -264. Calculate the remainder when l is divided by s.
11
Suppose -103*w + 43298 + 23011 = -10*w. Calculate the remainder when w is divided by 83.
49
Suppose 3168*f + 2522 = 3181*f. Calculate the remainder when f is divided by 11.
7
Let u(j) = -j**3 + 10. Let m = 17280 - 17273. What is the remainder when u(0) is divided by m?
3
What is the remainder when 9424/8 + (-728)/(-56) is divided by 583?
25
Suppose 366 + 978 = 3*m + 4*o, -7*o - 2281 = -5*m. What is the remainder when m is divided by 57?
53
Suppose -3357 = -5*x - 3*m, -5*x + 23*m - 24*m + 3359 = 0. Calculate the remainder when x is divided by 14.
0
Let w = 1087 + -1041. What is the remainder when 4645 is divided by w?
45
Let q = 114 - 65. Let h = q + -69. Let a = 43 + h. Calculate the remainder when a is divided by 5.
3
Let r = 978 + -975. What is the remainder when 820 is divided by r?
1
Suppose 2*g - 255 = 95. Suppose 0 = 4*l - 5*i - 710, 2*l = 2*i - 139 + 495. Suppose 75*r - l = 70*r. What is the remainder when g is divided by r?
31
Suppose 2*u + 6*u = -5568. Let g = u + 702. Calculate the remainder when 63 is divided by g.
3
Let m be 9/((-180)/(-8)) + 6804/15. Suppose -4*r + 5*b = -3*r - 148, -3*r + 5*b + m = 0. Let z = 50 - 11. Calculate the remainder when r is divided by z.
36
Let f(p) = -p**3 + 19*p**2 - 35*p + 31. Let o be f(17). Suppose 0 = o*v - 29*v + 195. What is the remainder when 193 is divided by v?
11
Let g be (77/(-14))/((-3)/(-6)) - 2. Calculate the remainder when 25 is divided by g/(-4) + (-30)/(-40).
1
What is the remainder when 275 is divided by (1512/(-180))/(3/(-5))?
9
Let x = 180 + -62. Calculate the remainder when x is divided by 8.
6
Let g(b) = 2*b**2 + 3*b - 6. Calculate the remainder when 18*(7 - 104/24) is divided by g(-5).
19
Let u be 123*1/12 + (-2)/8. Suppose -95 = -15*h + u*h. Calculate the remainder when 56 is divided by h.
18
Suppose -74 = -5*r - 9. Let l = 17 - r. Suppose -5*j - 5*f - 24 = -4, -5*f = 25. What is the remainder when l is divided by j?
0
Suppose 8*b + 2*v - 1764 = 0, -b - v = -3*b + 450. Let z = 22 + 6. Calculate the remainder when b is divided by z.
26
Let q(s) = -2*s**3 - 3*s**2 + 3*s - 2. Suppose 0 = 5*y + 2*w - 488, y - 92 = -5*w + 6*w. Let m = y + -78. Calculate the remainder when q(-4) is divided by m.
12
Suppose -43*u - 1059 = -40*u. Let i = 15 - u. Calculate the remainder when i is divided by 53.
50
Let h = 20874 - 20405. What is the remainder when 1000 is divided by h?
62
Let h(i) = 14*i. Suppose -2*k - 5*u = -279, -5*k - 4*u + 638 = -0*k. What is the remainder when k is divided by h(3)?
38
What is the remainder when (-120)/(-19 - 896/(-48)) is divided by ((-511)/35)/((-2)/10)?
68
Suppose -3*x = -q + 3 - 4, -5*x = -5*q - 5. Calculate the remainder when 31 - (0 + q/1) is divided by (1/(-7))/(412/(-14420)).
2
Let g(w) = -5*w**3 + 144*w**2 + 280*w - 6. Calculate the remainder when 399 is divided by g(-2).
49
Let s = -17307 - -17330. What is the remainder when (1328/12)/((-4)/(-6)) is divided by s?
5
Suppose -t - 76 = -3*f, 5*t = 2*f + 2*f - 402. Let j be -4 - ((-4)/1 + t). Let u = j + -79. Calculate the remainder when 9 is divided by u.
0
Let z(v) = -10*v + 34. Let w be z(8). Let i = w - -44. What is the remainder when 113 is divided by (2 - 3) + i + 26?
21
Let o be (4/(-7))/((-4)/(-14)). What is the remainder when (1 - (-90 + -1)) + 1 is divided by (-2)/(o/1) - -18?
17
Suppose -6*k = -2*k. Suppose -873*p + 874*p - 3 = k. What is the remainder when 24 is divided by p?
0
Let i(c) = -5*c - 14. Let j(h) = h - 16. Let x be j(6). Let q = -2483 - -2588. Calculate the remainder when q is divided by i(x).
33
Let t = -98 + 83. What is the remainder when 320 is divided by (3/t)/((6 + -4)/(-170))?
14
Suppose -3*r + 3*l = -4*r - 5, -11 = -2*r + l. Suppose -3*g + 2*g - 3 = 0, -5*g = r*f + 19. Calculate the remainder when f*3*39/(-9) is divided by 5.
3
Let t(q) = -q**3 + 5*q**2 - 2*q - 4. Let z be t(4). Let v be z + 20/(-5) + 53. Let x = -43 + v. What is the remainder when 25 is divided by x?
5
Suppose -53*t - o + 100 = -49*t, 4*t = 4*o + 100. What is the remainder when 114 is divided by t?
14
Let n = 1258 + -1179. What is the remainder when 174 is divided by n?
16
Let a(l) = -l**3 + 32*l**2 + 71*l - 100. Let s be a(34). Suppose s*r = 3*r - 39. Calculate the remainder when 85 is divided by r.
7
Let y(b) = 3*b + 7 - 4*b**2 - b - 92*b**3 + 93*b**3 + 0*b. Suppose -5*r + 2*r + 24 = 3*j, -j - 7 = -2*r. Calculate the remainder when 8 is divided by y(j).
0
Let d = -5075 + 14187. Calculate the remainder when d is divided by 42.
40
Let x(b) = 113*b + 2486. What is the remainder when 315 is divided by x(-21)?
89
Let u(j) = j**3 + 11*j**2 + 14*j + 8. Let z be u(-10). Calculate the remainder when 46 is divided by z/(-6)*-9*4/(-12).
14
Suppose -3*p = -2*w - 21, -45*p + 44*p + 33 = -5*w. Suppose -5*g + 311 = -334. What is the remainder when g is divided by p?
0
Let d = -8966 - -8990. What is the remainder when 1378 is divided by d?
10
Let h = 37 - -4. Suppose -5530 = 40*p - 75*p. Calculate the remainder when p is divided by h.
35
Let y be ((-8)/(-10))/((-1)/(-5)) - 222. Let l = y + 240. Let t(i) = -i**2 - 8*i. Calculate the remainder when l is divided by t(-6).
10
Let b(q) = 2*q**2 + 4*q - 14. Calculate the remainder when 324 is divided by b(6).
78
Suppose 60534 = -8*x + 101*x + 78*x. Calculate the remainder when x is divided by 50.
4
Let d(m) = -2*m**3 - 105*m**2 - 81*m + 45. What is the remainder when d(-52) is divided by 54?
41
Let o = -437 + 714. Let f = o - 135. What is the remainder when f is divided by 13?
12
Suppose -2*a + 691 = 31. Suppose 3*r - r - v = 220, -a = -3*r + 3*v. Calculate the remainder when r is divided by -19*(2 + -2 - 2).
34
Let v be (-1 - -6 - 6/6) + 10. Let j = v + 8. Calculate the remainder when j is divided by (-6)/(-30) - 118/(-10).
10
Let m(u) = 2*u**2 + 9*u + 16. Suppose -5*f - 15 = -c + 12, -3*f = 2*c + 11. Calculate the remainder when 79 is divided by m(f).
16
Suppose -33*n + 117 = -20*n. Suppose -4 = -4*t + 16. Suppose -f + 5 = 3*o - 0*o, 2*o - f - t = 0. Calculate the remainder when n is divided by o.
1
Let n = -17220 + 19798. Calculate the remainder when n is divided by 30.
28
Suppose -5*b - 172 = 154*i - 155*i, -3*b = -3*i + 576. What is the remainder when i is divided by 133?
64
Suppose 4*y = 5*c - 1053 - 1288, 470 = c + y. Suppose u = -3*n + 350, 4*n = 3*u - 2*u + c. Calculate the remainder when n is divided by 11.
7
Let w(u) = 60*u + 200. Let v be w(-7). What is the remainder when (-151184)/v - 2/10 is divided by 46?
43
Let b(n) = 91*n + 9928. What is the remainder when 655 is divided by b(-109)?
7
Let g be 3/(-2) + 2565/10. Suppose -5*n + g + 55 = 0. Suppose 0 = -4*y + s + 1 + 65, -68 = -4*y + 2*s. Calculate the remainder when n is divided by y.
14
Let h(v) = 12*v - 10. Calculate the remainder when h(3) is divided by (1 + 258/36 + -8)/(1/150).
1
Suppose -b = 397*a - 392*a - 25, -5*b + 5*a = -35. Let z(k) = -k**3 + 9*k**2 + 3. Calculate the remainder when b is divided by z(9).
1
Let v = 17217 + -17187. What is the remainder when 213 is divided by v?
3
Suppose -4278 = 12380*x - 13093*x. Calculate the remainder when (0 + -1)/(3/(-450)) is divided by x.
0
Let u = 47363 + -47351. What is the remainder when (-85)/(-2) + (-1)/2 is divided by u?
6
Let l(i) = -i - 5. Let r be l(-11). Suppose r = 169*a - 166*a. Suppose d = 3*d + z - 117, a*d = 5*z + 99. What is the remainder when d is divided by 10?
7
Let z(u) = 30*u**2 - 161*u - 1141. Calculate the remainder when z(-7) is divided by 1448.
8
Suppose -416 = -20*c + 18*c. Suppose 5*b = -u + c, -11 = 5*u - 1. Calculate the remainder when 135 is divided by b.
9
Suppose -161 = -o + 3*p, 5*o - 54*p + 49*p - 735 = 0. What is the remainder when o is divided by (-2 - -2) + -2 + 18?
12
Let b(v) = -v**2 + 16*v + 8. Let h be b(8). Let p = -643 - -592. Let f = p + h. Calculate the remainder when 83 is divided by f.
20
Suppose -2*v + 28 + 8 = 0. Suppose -5*u = -j - 21, -12 = -2*u - 3*j + 10. Suppose 